t y = 14 - 10. Suppose q + y - 12 = 0. Suppose 0 = -0*g + 3*g - 5*f - 65, -3*g = f - 59. Calculate the highest common factor of g and q.
4
Suppose -3*q = -30 - 9. Suppose -4*x + 229 = -3*x. Let t = 320 - x. Calculate the greatest common divisor of q and t.
13
Let z(p) = 54*p + 1. Suppose 22 = 3*l + 5*t, -2*t + 6 = 3*l - 5*t. Suppose l*k = k + 3. Let j be z(k). Calculate the greatest common factor of 22 and j.
11
Let z be ((-30)/(-25))/(9/30). Suppose 120 = 3*w - 12. Calculate the greatest common divisor of w and z.
4
Suppose 3 = -4*f + 27. Suppose 2*w - f*w + 100 = 0. What is the highest common factor of 10 and w?
5
Suppose 59*x - 46 = 58*x. Calculate the greatest common divisor of x and 115.
23
Suppose 4*a = -3*d + 98, 0*d - 2*d + 5*a = -50. Suppose 5*l = 2*l + 135. Calculate the greatest common factor of l and d.
15
Let h be 7396/22 + (-34)/187. Calculate the greatest common factor of 42 and h.
42
Suppose -2*k + 21 = -21. Suppose -2*h + k = -h + 4*c, -h = -5*c + 15. Let m = 2 + 33. What is the greatest common divisor of m and h?
5
Let i be (-15)/9 + 1/(-3). Let u be (8/12)/(i/(-15)). Suppose 0 = -u*x + 67 + 413. Calculate the greatest common factor of x and 12.
12
Let h(x) = -2*x**3 - 14*x**2 - 2*x + 7. Let w be h(-7). What is the greatest common factor of 6 and w?
3
Suppose -114 = -4*i + 222. Calculate the greatest common factor of i and 36.
12
Let j(m) be the second derivative of -m**5/20 - 2*m**4/3 - 3*m**3/2 + 9*m**2/2 + 2*m. Let o be j(-7). Calculate the highest common factor of 69 and o.
23
Let z be -7 + 6 - (-14 - (-1 + -1)). Let r = 4 + 7. What is the highest common factor of z and r?
11
Let k be -2 + (-6 + 3)*-1. Calculate the greatest common divisor of k and 11.
1
Suppose 4*j = 2*y - y + 15, -3*y = -3. What is the greatest common factor of j and 2?
2
Let i(s) be the third derivative of s**6/120 + 7*s**5/60 + s**3/6 + s**2. Let f be i(-7). Calculate the highest common divisor of f and 9.
1
Suppose 0 = 5*o + k - 35, 8 = 4*o + k - 19. Calculate the greatest common factor of o and 4.
4
Suppose 480 = 4*s + 6*s. What is the greatest common divisor of 72 and s?
24
Let t = -12 - -25. Suppose t = 5*b + 3. Suppose b*g = -0*g + 30. Calculate the highest common divisor of 3 and g.
3
Suppose -5*t + p + 736 = 0, t + 2*t - 5*p - 446 = 0. Calculate the highest common factor of t and 21.
21
Let s = 87 + -31. Let g(h) = h**3 + 12*h**2 + 11*h + 14. Let j be g(-11). Calculate the highest common factor of j and s.
14
Suppose 16 = 5*m - 29. Suppose 7*s - 6*s = 99. What is the greatest common divisor of s and m?
9
Suppose -3 = 2*k + k. Let q be k - 5/((-5)/4). Suppose q*u + 4*n = 75, 4*u - 2*n - 75 = n. Calculate the highest common factor of u and 189.
21
Let a(r) = 14 + 30 - r - 36. Let f be a(-4). What is the highest common divisor of 12 and f?
12
Suppose 0 = 3*b - 8*b + 30. Suppose 3*i = -3*j + i + 26, 4*j - 3*i - 12 = 0. Calculate the highest common factor of j and b.
6
Suppose k + 10 = -5*u + 6*u, 0 = -5*u - 3*k + 18. Suppose -4*n + 3*n + 6 = 0. Let c be 10/n - 2/3. What is the highest common factor of c and u?
1
Suppose -3*z + 4*j + 13 = 0, -5*z - 2*j = 2*j - 75. Calculate the greatest common divisor of z and 33.
11
Suppose t + q - 14 = 0, 3*t - q - 3*q - 28 = 0. Calculate the highest common factor of 60 and t.
12
Let x = -179 - -364. Calculate the greatest common divisor of 37 and x.
37
Let a be (-4)/(-6) - 168/(-18). Suppose 2*k - 584 = -2*g, -5*k - g + 2*g = -1460. Suppose 22 = -3*s + k. Calculate the highest common divisor of a and s.
10
Let r = 39 + -27. What is the greatest common factor of 60 and r?
12
Let b(c) = 2*c**2 + 5*c + 2. Suppose 46 = 4*d + 6. Let h = d + -14. Let x be b(h). Calculate the highest common divisor of x and 21.
7
Let k be ((-1)/1)/((-6)/186). Let r = k - 7. Suppose 4*h - 20 = 3*h + 4*t, -3*h = 5*t - 128. Calculate the highest common divisor of r and h.
12
Suppose -3*g - 5*q = 2*g - 15, 0 = 2*g + 4*q - 8. Let v(i) = 11 + g*i - 2 + 1 - i + i**2. Let o be v(0). What is the greatest common divisor of o and 70?
10
Suppose 10 = 5*y - 60. What is the greatest common divisor of 42 and y?
14
Suppose -4*r = -2*o - 140, 2*o = -0*r - 5*r - 113. Let x be (o/(-2))/2 + 0. Calculate the greatest common divisor of 112 and x.
16
Suppose -3*w = -5*w + 44. Calculate the highest common divisor of w and 2.
2
Let i(t) = 2*t - 11. Let g be i(10). Let d(w) = 10*w - 1. Let a be d(1). What is the highest common factor of a and g?
9
Suppose 2 = g - 3*g. Let l be g/((-3)/6)*9. Suppose x - 11 = 2*y - 33, -2*y = x - l. What is the highest common divisor of 110 and y?
10
Let i = -8 - -9. Let s be ((-28)/(-10))/((-6)/(-15)). Calculate the greatest common divisor of i and s.
1
Let m(r) = 3*r**3 - r**2 + 1. Let b be m(1). Suppose 21 = 3*n - 3*l, 0 = -b*n + 3*l + 2*l + 15. Calculate the highest common divisor of n and 10.
10
Suppose -2*r + 3 = 15. Let j be 492/9 - 2/r. Suppose 0*y = 5*y - 55. Calculate the highest common factor of j and y.
11
Let p = 139 - 62. Calculate the highest common factor of p and 22.
11
Let y be (-6)/(-9) + (-4)/(-3). Suppose 0*k + y*k + h = 30, -4*k = 4*h - 64. What is the greatest common divisor of 14 and k?
14
Suppose 4*i - i = 24. Let u(v) = -v**3 + 9*v**2 - 5*v - 6. Let d be u(6). What is the greatest common divisor of i and d?
8
Suppose -12 = -7*s + 4*s. Suppose -s*z + 34 + 582 = 0. Calculate the highest common divisor of 14 and z.
14
Suppose -3*v - 17 = -3*d + 13, -2*v = d + 5. Let b(t) = 3*t**2 - 8*t + 5. Let s be b(5). Calculate the highest common divisor of s and d.
5
Let s be (-18)/4*4/(-3). Let q be (-628)/(-7) + s/21. Calculate the highest common divisor of 10 and q.
10
Let a(h) = -h**3 - h**2 - 5. Let u be a(0). Let d be 4/10 - 33/u. Calculate the greatest common divisor of 63 and d.
7
Let g(j) = j**2 + j + 10. Let m be g(0). Calculate the greatest common factor of 15 and m.
5
Suppose -4 = -4*w - 8. Let z(x) = -13*x + 1. Let g be z(w). Calculate the highest common factor of g and 21.
7
Suppose 4*h + 9 = 81. Let s(l) = 2*l**2 - 26*l - 33. Let q be s(15). What is the highest common divisor of h and q?
9
Let l(d) = 4*d. Let y(g) = -g. Let f(a) = 2*l(a) + 14*y(a). Let j be f(-3). Calculate the highest common factor of j and 2.
2
Let m(s) = 3*s**2 + s - 4. Let f(g) = g**2 - 5*g + 3. Let o be f(6). Suppose -5*y = -2*y - o. Let i be m(y). Calculate the greatest common divisor of i and 13.
13
Suppose 2*h - 280 = -8*h. What is the greatest common divisor of 70 and h?
14
Suppose 3*u - 80 = u. Let o be 5056/u + (-2)/5. What is the greatest common divisor of o and 14?
14
Let k be (-7 + -3)/(2/(-8)*1). Calculate the greatest common factor of 10 and k.
10
Let y be (32/(-20))/(4/110). Let k be y/(-7) - 2/7. What is the greatest common divisor of 18 and k?
6
Let d be 17*(-2)/2*-3. Let h be (3*17)/(21/14). Calculate the greatest common divisor of d and h.
17
Suppose 60 = 5*q + 2*w - 98, 0 = -q + 2*w + 22. What is the greatest common divisor of 150 and q?
30
Let g be ((-6)/(-4))/(3/(-4)). Let k be (-2 + -12)*-1 + g. What is the greatest common divisor of k and 36?
12
Suppose 0 = 2*d + k - 9, -3*d - 4*k = -0*d - 26. Let p be (6/2)/((-3)/d). Let y be p/8 - (-178)/8. Calculate the greatest common factor of y and 11.
11
Let o(c) = -2*c - 4*c + 4*c. Let f be o(-2). Suppose 0 = f*n - n - 126. What is the highest common factor of 6 and n?
6
Let d(c) = -c**2 + c + 2. Let u be d(0). Suppose -u*s - s = 90. Let t be (-4)/(-10) - 168/s. Calculate the greatest common divisor of t and 4.
2
Let d(k) = 4*k - 3. Let o be d(8). Suppose -3*y - 5*u = -90, 3*u + o = 5*y - 121. Suppose 0 = -5*q + 142 - 42. What is the greatest common factor of y and q?
10
Let y = 31 + -23. Calculate the highest common factor of 72 and y.
8
Let f(l) = -l + 4. Let g be f(0). Let s be (-12 + 4)*(-2)/g. Calculate the greatest common factor of 36 and s.
4
Let s be 4 - 6/(0 + -3). Suppose s*z - 4*z - 32 = 0. What is the greatest common divisor of z and 112?
16
Suppose 0 = 5*g - 83 - 12. What is the greatest common factor of g and 57?
19
Suppose -5*z = 7*t - 3*t - 108, 4*z - 81 = -5*t. Let d = z - 14. Calculate the highest common factor of 2 and d.
2
Let p = 20 - 19. Calculate the highest common factor of p and 7.
1
Suppose -4*w - 3*q + 471 = 0, 2*w - 38 - 185 = q. Calculate